/*
SQLyog Ultimate v8.3 
MySQL - 5.1.36-community-log : Database - ndc360_designs
*********************************************************************
*/



CREATE DATABASE /*!32312 IF NOT EXISTS*/`ndc360_designs` /*!40100 DEFAULT CHARACTER SET latin1 */;

USE `ndc360_designs`;

/*Table structure for table `card` */


CREATE TABLE `card` (
  `card_` int(11) NOT NULL AUTO_INCREMENT,
  `adddate` datetime DEFAULT NULL,
  `filename` varchar(150) DEFAULT NULL,
  `category_` int(11) NOT NULL,
  `ProductId` int(10) NOT NULL,
  `ProductType` int(10) NOT NULL,
  PRIMARY KEY (`card_`)
) ENGINE=InnoDB AUTO_INCREMENT=31 DEFAULT CHARSET=latin1;

/*Data for the table `card` */

insert  into `card`(`card_`,`adddate`,`filename`,`category_`,`ProductId`,`ProductType`) values (5,'2010-04-07 11:25:56','84e5c75.jpg',11,1,0),(8,'2010-04-07 11:35:11','cc58bf2.jpg',15,3,2),(14,'2010-06-08 14:52:55','c314137.JPG',11,1,0),(15,'2010-06-08 14:56:00','d7b1e93.JPG',15,3,3),(18,'2010-06-18 05:50:05','ba85031.jpg',16,5,0),(24,'2010-06-18 13:08:57','f08a9db.jpg',13,2,1),(26,'2010-06-18 13:51:49','4baaab5.jpg',15,5,0),(27,'2010-06-18 14:04:45','cbef5fe.jpg',13,4,0),(29,'2011-04-06 10:19:54','3a39d3d.jpg',11,3,1),(30,'2011-04-06 10:21:33','336a144.jpg',13,1,0);

/*Table structure for table `card_image` */


CREATE TABLE `card_image` (
  `usercard_` int(11) NOT NULL,
  `image_` int(11) NOT NULL,
  `side` enum('front','back') NOT NULL,
  `data` text NOT NULL,
  PRIMARY KEY (`usercard_`,`image_`)
) ENGINE=InnoDB DEFAULT CHARSET=latin1;

/*Data for the table `card_image` */

insert  into `card_image`(`usercard_`,`image_`,`side`,`data`) values (29,1,'front','{\"y\":0,\"id\":1,\"width\":226.8,\"height\":65.7,\"x\":41}'),(42,2,'front','{\"y\":207,\"id\":1,\"width\":427,\"height\":289.05,\"x\":65}'),(144,3,'front','{\"id\":1,\"height\":226.8,\"x\":75,\"y\":-18,\"width\":226.8}');

/*Table structure for table `category` */


CREATE TABLE `category` (
  `category_` int(11) NOT NULL AUTO_INCREMENT,
  `name` varchar(250) CHARACTER SET utf8 DEFAULT NULL,
  PRIMARY KEY (`category_`)
) ENGINE=InnoDB AUTO_INCREMENT=17 DEFAULT CHARSET=latin1;

/*Data for the table `category` */

insert  into `category`(`category_`,`name`) values (11,'Photos'),(13,'Designs'),(15,'Simple'),(16,'Blank');

/*Table structure for table `job` */


CREATE TABLE `job` (
  `job_` int(11) NOT NULL AUTO_INCREMENT,
  `usercard_` int(11) NOT NULL,
  `postdate` datetime DEFAULT NULL,
  `status` enum('pending','inprogress','completed') DEFAULT NULL,
  PRIMARY KEY (`job_`),
  UNIQUE KEY `usercard_` (`usercard_`),
  KEY `postdate` (`postdate`)
) ENGINE=InnoDB AUTO_INCREMENT=28 DEFAULT CHARSET=latin1;

/*Data for the table `job` */

insert  into `job`(`job_`,`usercard_`,`postdate`,`status`) values (10,33,'2010-05-30 14:27:31','pending'),(11,10,'2010-06-08 08:36:37','pending'),(13,30,'2010-06-08 08:39:32','inprogress'),(14,39,'2010-06-08 11:17:44','pending'),(15,40,'2010-06-08 15:03:03','pending'),(16,42,'2010-06-17 17:16:02','pending'),(17,23,'2011-04-04 13:25:47','pending'),(18,27,'2011-04-04 13:25:56','pending'),(19,34,'2011-04-07 07:46:21','pending'),(20,25,'2011-04-07 08:22:10','pending'),(21,105,'2011-06-09 12:45:37','pending'),(22,102,'2011-06-09 12:46:40','pending'),(23,86,'2011-06-24 13:56:47','pending'),(24,3,'2011-06-27 06:10:48','pending'),(25,160,'2011-06-27 07:09:35','pending'),(26,88,'2011-06-28 13:52:36','pending'),(27,87,'2011-06-28 14:47:54','pending');

/*Table structure for table `paymentdetails` */


CREATE TABLE `paymentdetails` (
  `Payment_Id` int(10) NOT NULL AUTO_INCREMENT,
  `Quantity` int(10) DEFAULT NULL,
  `PaperStock` varchar(50) DEFAULT NULL,
  `TextStyle` varchar(50) DEFAULT NULL,
  `ShippingOptions` varchar(50) DEFAULT NULL,
  `Cost` int(50) DEFAULT NULL,
  `UserCardId` int(10) DEFAULT NULL,
  PRIMARY KEY (`Payment_Id`)
) ENGINE=MyISAM AUTO_INCREMENT=83 DEFAULT CHARSET=latin1;

/*Data for the table `paymentdetails` */

insert  into `paymentdetails`(`Payment_Id`,`Quantity`,`PaperStock`,`TextStyle`,`ShippingOptions`,`Cost`,`UserCardId`) values (8,100,'14 pt','Flat','Pick-up',0,43),(7,100,'14 pt','Flat','Pick-up',0,43),(9,100,'14 pt','Flat','Pick-up',0,43),(12,100,'14 pt','Flat','Pick-up',0,3),(11,100,'14 pt','Flat','Pick-up',0,43),(13,100,'14 pt','Flat','Pick-up',0,21),(14,100,'14 pt','Flat','Pick-up',0,27),(15,100,'14 pt','Flat','Pick-up',0,2),(16,100,'14 pt','Flat','Pick-up',0,45),(17,100,'14 pt','Flat','Pick-up',0,2),(18,100,'14 pt','Flat','Pick-up',0,2),(19,100,'14 pt','Flat','Pick-up',0,2),(20,100,'14 pt','Flat','Pick-up',0,3),(21,100,'14 pt','Flat','Pick-up',0,68),(22,100,'14 pt','Flat','Pick-up',0,8),(23,100,'14 pt','Flat','Pick-up',0,73),(24,100,'14 pt','Flat','Pick-up',0,72),(25,100,'14 pt','Flat','Pick-up',0,3),(26,100,'14 pt','Flat','Pick-up',0,2),(27,100,'14 pt','Flat','Pick-up',0,21),(28,100,'14 pt','Flat','Pick-up',0,8),(29,100,'14 pt','Flat','Pick-up',0,5),(30,100,'14 pt','Flat','Pick-up',0,2),(31,100,'14 pt','Flat','Pick-up',0,6),(32,100,'14 pt','Flat','Pick-up',0,2),(33,100,'14 pt','Flat','Pick-up',0,6),(34,100,'14 pt','Flat','Pick-up',0,5),(35,100,'14 pt','Flat','Pick-up',0,5),(36,100,'14 pt','Flat','Pick-up',0,4),(37,100,'14 pt','Flat','Pick-up',0,4),(38,100,'14 pt','Flat','Pick-up',0,2),(39,100,'14 pt','Flat','Pick-up',0,7),(40,100,'14 pt','Flat','Pick-up',0,7),(41,100,'14 pt','Flat','Pick-up',0,4),(42,100,'14 pt','Flat','Pick-up',0,2),(43,100,'14 pt','Flat','Pick-up',0,3),(44,100,'14 pt','Flat','Pick-up',0,3),(45,100,'14 pt','Flat','Pick-up',0,3),(46,100,'14 pt','Flat','Pick-up',0,2),(47,100,'14 pt','Flat','Pick-up',0,2),(48,100,'14 pt','Flat','Pick-up',0,2),(49,100,'14 pt','Flat','Pick-up',0,2),(50,100,'14 pt','Flat','Pick-up',0,2),(51,100,'14 pt','Flat','Pick-up',0,2),(52,100,'14 pt','Flat','Pick-up',0,2),(53,100,'14 pt','Flat','Pick-up',0,4),(54,100,'14 pt','Flat','Pick-up',0,4),(55,100,'14 pt','Flat','Pick-up',0,2),(56,100,'14 pt','Flat','Pick-up',0,2),(57,100,'14 pt','Flat','Pick-up',0,2),(58,100,'14 pt','Flat','Pick-up',0,2),(59,100,'14 pt','Flat','Pick-up',0,2),(60,100,'14 pt','Flat','Pick-up',0,4),(61,100,'14 pt','Flat','Pick-up',0,2),(62,100,'14 pt','Flat','Pick-up',0,4),(63,100,'14 pt','Flat','Pick-up',0,3),(64,100,'14 pt','Flat','Pick-up',0,2),(65,100,'14 pt','Flat','Pick-up',0,2),(66,100,'14 pt','Flat','Pick-up',0,2),(67,100,'14 pt','Flat','Pick-up',0,2),(68,100,'14 pt','Flat','Pick-up',0,2),(69,100,'14 pt','Flat','Pick-up',0,2),(70,100,'14 pt','Flat','Pick-up',0,2),(71,100,'14 pt','Flat','Pick-up',0,2),(72,100,'14 pt','Flat','Pick-up',0,4),(73,100,'14 pt','Flat','Pick-up',0,4),(74,100,'14 pt','Flat','Pick-up',0,2),(75,100,'14 pt','Flat','Pick-up',0,4),(76,100,'14 pt','Flat','Pick-up',0,83),(77,100,'13 pt','Flat','Pick-up',0,98),(78,100,'13 pt','Flat','Pick-up',0,104),(79,250,'','','',26,104),(80,500,'','','',48,104),(81,1000,'','','',94,3),(82,250,'','','',41,106);

/*Table structure for table `product_types` */


CREATE TABLE `product_types` (
  `type_id` int(11) NOT NULL AUTO_INCREMENT,
  `type_name` varchar(50) DEFAULT NULL,
  `product_id` int(11) DEFAULT NULL,
  PRIMARY KEY (`type_id`)
) ENGINE=MyISAM AUTO_INCREMENT=7 DEFAULT CHARSET=latin1;

/*Data for the table `product_types` */

insert  into `product_types`(`type_id`,`type_name`,`product_id`) values (1,'flyer one',3),(2,'flyer two',3),(3,'flyer three',3),(4,'flyer four',3),(5,'wall',2),(6,'poster',2);

/*Table structure for table `products` */


CREATE TABLE `products` (
  `Product_Id` int(11) NOT NULL AUTO_INCREMENT,
  `Product_Name` varchar(50) NOT NULL,
  PRIMARY KEY (`Product_Id`)
) ENGINE=MyISAM AUTO_INCREMENT=6 DEFAULT CHARSET=latin1;

/*Data for the table `products` */

insert  into `products`(`Product_Id`,`Product_Name`) values (1,'Business Cards'),(2,'Calendar'),(3,'Flyer'),(4,'Letterhead Stationery'),(5,'Folding Brochures');

/*Table structure for table `proof` */


CREATE TABLE `proof` (
  `proof_` int(11) NOT NULL AUTO_INCREMENT,
  `user_` int(11) NOT NULL,
  PRIMARY KEY (`proof_`)
) ENGINE=InnoDB DEFAULT CHARSET=latin1;

/*Data for the table `proof` */

/*Table structure for table `quantityrates` */


CREATE TABLE `quantityrates` (
  `quantity` varchar(20) NOT NULL,
  `thirteenPoint` float NOT NULL,
  `fourteenPoint` float NOT NULL,
  `hunderedLb` float NOT NULL,
  `seventyLb` float NOT NULL,
  `twentyFourLb` float NOT NULL
) ENGINE=MyISAM DEFAULT CHARSET=latin1;

/*Data for the table `quantityrates` */

insert  into `quantityrates`(`quantity`,`thirteenPoint`,`fourteenPoint`,`hunderedLb`,`seventyLb`,`twentyFourLb`) values ('100',22,23,26,32,36),('250',25,26,29,35,39),('500',48,50,56,68,76),('1000',94,98,110,134,150),('custom',0,0,0,0,0);

/*Table structure for table `shippingrates` */


CREATE TABLE `shippingrates` (
  `pickUp` float NOT NULL,
  `oneDayFedEx` float NOT NULL,
  `threeDayFedEx` float NOT NULL,
  `regularMail` float NOT NULL,
  `custom` float NOT NULL
) ENGINE=MyISAM DEFAULT CHARSET=latin1;

/*Data for the table `shippingrates` */

insert  into `shippingrates`(`pickUp`,`oneDayFedEx`,`threeDayFedEx`,`regularMail`,`custom`) values (0,15,8,5,0);

/*Table structure for table `textrates` */


CREATE TABLE `textrates` (
  `raisedText` float NOT NULL
) ENGINE=MyISAM DEFAULT CHARSET=latin1;

/*Data for the table `textrates` */

insert  into `textrates`(`raisedText`) values (3);

/*Table structure for table `user_image` */


CREATE TABLE `user_image` (
  `image_` int(11) NOT NULL AUTO_INCREMENT,
  `user_` int(11) NOT NULL,
  `adddate` datetime NOT NULL,
  PRIMARY KEY (`image_`)
) ENGINE=InnoDB AUTO_INCREMENT=4 DEFAULT CHARSET=latin1;

/*Data for the table `user_image` */

insert  into `user_image`(`image_`,`user_`,`adddate`) values (2,8,'2011-04-14 10:45:36'),(3,7,'2011-06-13 11:15:26');

/*Table structure for table `usercard` */


CREATE TABLE `usercard` (
  `usercard_` int(11) NOT NULL AUTO_INCREMENT,
  `user_` int(11) NOT NULL,
  `cardid` int(11) NOT NULL,
  `frontdata` text CHARACTER SET utf8 NOT NULL,
  `backdata` text CHARACTER SET utf8 NOT NULL,
  `frontimagesdata` text CHARACTER SET utf8 NOT NULL,
  `backimagesdata` text CHARACTER SET utf8 NOT NULL,
  `card_` int(11) NOT NULL,
  `Product_Id` int(11) NOT NULL,
  `Product_Type` int(11) NOT NULL,
  PRIMARY KEY (`usercard_`)
) ENGINE=InnoDB AUTO_INCREMENT=172 DEFAULT CHARSET=latin1;

/*Data for the table `usercard` */

insert  into `usercard`(`usercard_`,`user_`,`cardid`,`frontdata`,`backdata`,`frontimagesdata`,`backimagesdata`,`card_`,`Product_Id`,`Product_Type`) values (2,7,1299221350,'[{\"font\":\"Arial\",\"italic\":false,\"x\":10,\"underline\":false,\"y\":10,\"size\":13,\"color\":1118481,\"text\":\"Company Name\",\"bold\":false},{\"font\":\"Arial\",\"italic\":false,\"x\":10,\"underline\":false,\"y\":40,\"size\":13,\"color\":1118481,\"text\":\"Name\",\"bold\":false},{\"font\":\"Arial\",\"italic\":false,\"x\":10,\"underline\":false,\"y\":70,\"size\":13,\"color\":1118481,\"text\":\"Title\",\"bold\":false},{\"font\":\"Arial\",\"italic\":false,\"x\":10,\"underline\":false,\"y\":130,\"size\":13,\"color\":1118481,\"text\":\"Website\",\"bold\":false},{\"font\":\"Arial\",\"italic\":false,\"x\":10,\"underline\":false,\"y\":160,\"size\":13,\"color\":1118481,\"text\":\"Email Id\",\"bold\":false},{\"font\":\"Arial\",\"italic\":false,\"x\":205,\"underline\":false,\"y\":20,\"size\":13,\"color\":1118481,\"text\":\"Phone no\",\"bold\":false}]','[]','','',18,1,0),(3,7,1299595391,'[{\"font\":\"Arial\",\"italic\":false,\"x\":350,\"underline\":false,\"y\":20,\"size\":13,\"color\":1118481,\"text\":\"Ilsa Interactive\",\"bold\":false},{\"font\":\"Arial\",\"italic\":false,\"x\":350,\"underline\":false,\"y\":80,\"size\":13,\"color\":1118481,\"text\":\"HEADLINE \",\"bold\":false},{\"font\":\"Arial\",\"italic\":false,\"x\":10,\"underline\":false,\"y\":450,\"size\":13,\"color\":1118481,\"text\":\"Special Offer\",\"bold\":false},{\"font\":\"Arial\",\"italic\":false,\"x\":10,\"underline\":false,\"y\":500,\"size\":13,\"color\":1118481,\"text\":\"Phone\",\"bold\":false},{\"font\":\"Arial\",\"italic\":false,\"x\":10,\"underline\":false,\"y\":550,\"size\":13,\"color\":1118481,\"text\":\"Other\",\"bold\":false}]','[]','','',7,1,0),(86,7,1305298697,'[{\"y\":86,\"bold\":false,\"font\":\"Arial\",\"italic\":false,\"size\":13,\"underline\":false,\"x\":151,\"text\":\"Company Name\",\"color\":1118481},{\"y\":40,\"bold\":false,\"font\":\"Arial\",\"italic\":false,\"size\":13,\"underline\":false,\"x\":10,\"text\":\"Name\",\"color\":1118481},{\"y\":76,\"bold\":false,\"font\":\"Arial\",\"italic\":false,\"size\":13,\"underline\":false,\"x\":16,\"text\":\"Title\",\"color\":1118481},{\"y\":150,\"bold\":false,\"font\":\"Arial\",\"italic\":false,\"size\":13,\"underline\":false,\"x\":10,\"text\":\"Website : \",\"color\":1118481},{\"y\":130,\"bold\":false,\"font\":\"Arial\",\"italic\":false,\"size\":13,\"underline\":false,\"x\":10,\"text\":\"Email : \",\"color\":1118481},{\"y\":110,\"bold\":false,\"font\":\"Arial\",\"italic\":false,\"size\":13,\"underline\":false,\"x\":10,\"text\":\"Phone : \",\"color\":1118481}]','[]','','',5,1,0),(87,7,1305299124,'[{\"y\":78,\"bold\":false,\"font\":\"Arial\",\"italic\":false,\"size\":13,\"underline\":false,\"x\":96,\"text\":\"Company Name\",\"color\":1118481},{\"y\":102,\"bold\":false,\"font\":\"Arial\",\"italic\":false,\"size\":13,\"underline\":false,\"x\":102,\"text\":\"Name\",\"color\":1118481},{\"y\":70,\"bold\":false,\"font\":\"Arial\",\"italic\":false,\"size\":13,\"underline\":false,\"x\":10,\"text\":\"Title\",\"color\":1118481},{\"y\":150,\"bold\":false,\"font\":\"Arial\",\"italic\":false,\"size\":13,\"underline\":false,\"x\":10,\"text\":\"Website : \",\"color\":1118481},{\"y\":130,\"bold\":false,\"font\":\"Arial\",\"italic\":false,\"size\":13,\"underline\":false,\"x\":10,\"text\":\"Email : \",\"color\":1118481},{\"y\":110,\"bold\":false,\"font\":\"Arial\",\"italic\":false,\"size\":13,\"underline\":false,\"x\":10,\"text\":\"Phone : \",\"color\":1118481}]','[]','','',5,1,0),(88,7,1305299673,'[{\"y\":79,\"bold\":false,\"font\":\"Arial\",\"italic\":false,\"size\":13,\"underline\":false,\"x\":101,\"text\":\"Company Name\",\"color\":1118481},{\"y\":103,\"bold\":false,\"font\":\"Arial\",\"italic\":false,\"size\":13,\"underline\":false,\"x\":148,\"text\":\"Name\",\"color\":1118481},{\"y\":70,\"bold\":false,\"font\":\"Arial\",\"italic\":false,\"size\":13,\"underline\":false,\"x\":10,\"text\":\"Title\",\"color\":1118481},{\"y\":150,\"bold\":false,\"font\":\"Arial\",\"italic\":false,\"size\":13,\"underline\":false,\"x\":10,\"text\":\"Website : \",\"color\":1118481},{\"y\":130,\"bold\":false,\"font\":\"Arial\",\"italic\":false,\"size\":13,\"underline\":false,\"x\":10,\"text\":\"Email : \",\"color\":1118481},{\"y\":110,\"bold\":false,\"font\":\"Arial\",\"italic\":false,\"size\":13,\"underline\":false,\"x\":10,\"text\":\"Phone : \",\"color\":1118481}]','[]','','',5,1,0),(96,7,1305551917,'[{\"y\":4,\"bold\":false,\"font\":\"Arial\",\"italic\":false,\"size\":13,\"underline\":false,\"x\":0,\"text\":\"Company Name\",\"color\":1118481},{\"y\":40,\"bold\":false,\"font\":\"Arial\",\"italic\":false,\"size\":13,\"underline\":false,\"x\":10,\"text\":\"Name\",\"color\":1118481},{\"y\":70,\"bold\":false,\"font\":\"Arial\",\"italic\":false,\"size\":13,\"underline\":false,\"x\":10,\"text\":\"Title\",\"color\":1118481},{\"y\":150,\"bold\":false,\"font\":\"Arial\",\"italic\":false,\"size\":13,\"underline\":false,\"x\":10,\"text\":\"Website : \",\"color\":1118481},{\"y\":130,\"bold\":false,\"font\":\"Arial\",\"italic\":false,\"size\":13,\"underline\":false,\"x\":10,\"text\":\"Email : \",\"color\":1118481},{\"y\":110,\"bold\":false,\"font\":\"Arial\",\"italic\":false,\"size\":13,\"underline\":false,\"x\":10,\"text\":\"Phone : \",\"color\":1118481}]','[]','','',30,1,0),(97,7,1305552822,'[{\"y\":4,\"bold\":false,\"font\":\"Arial\",\"italic\":false,\"size\":13,\"underline\":false,\"x\":0,\"text\":\"Company Name\",\"color\":1118481},{\"y\":40,\"bold\":false,\"font\":\"Arial\",\"italic\":false,\"size\":13,\"underline\":false,\"x\":10,\"text\":\"Name\",\"color\":1118481},{\"y\":70,\"bold\":false,\"font\":\"Arial\",\"italic\":false,\"size\":13,\"underline\":false,\"x\":10,\"text\":\"Title\",\"color\":1118481},{\"y\":150,\"bold\":false,\"font\":\"Arial\",\"italic\":false,\"size\":13,\"underline\":false,\"x\":10,\"text\":\"Website : \",\"color\":1118481},{\"y\":130,\"bold\":false,\"font\":\"Arial\",\"italic\":false,\"size\":13,\"underline\":false,\"x\":10,\"text\":\"Email : \",\"color\":1118481},{\"y\":110,\"bold\":false,\"font\":\"Arial\",\"italic\":false,\"size\":13,\"underline\":false,\"x\":10,\"text\":\"Phone : \",\"color\":1118481}]','[]','','',30,1,0),(98,7,1305552987,'[{\"y\":4,\"bold\":false,\"font\":\"Arial\",\"italic\":false,\"size\":13,\"underline\":false,\"x\":0,\"text\":\"Company Name\",\"color\":1118481},{\"y\":40,\"bold\":false,\"font\":\"Arial\",\"italic\":false,\"size\":13,\"underline\":false,\"x\":10,\"text\":\"Name\",\"color\":1118481},{\"y\":70,\"bold\":false,\"font\":\"Arial\",\"italic\":false,\"size\":13,\"underline\":false,\"x\":10,\"text\":\"Title\",\"color\":1118481},{\"y\":149,\"bold\":false,\"font\":\"Arial\",\"italic\":false,\"size\":13,\"underline\":false,\"x\":1,\"text\":\"Website : \",\"color\":1118481},{\"y\":130,\"bold\":false,\"font\":\"Arial\",\"italic\":false,\"size\":13,\"underline\":false,\"x\":10,\"text\":\"Email : \",\"color\":1118481},{\"y\":110,\"bold\":false,\"font\":\"Arial\",\"italic\":false,\"size\":13,\"underline\":false,\"x\":10,\"text\":\"Phone : \",\"color\":1118481}]','[]','','',30,1,0),(150,7,1307966245,'[{\"y\":9,\"bold\":false,\"font\":\"Arial\",\"italic\":false,\"size\":13,\"underline\":false,\"x\":27,\"text\":\"dddddany \",\"color\":1118481},{\"y\":40,\"bold\":false,\"font\":\"Arial\",\"italic\":false,\"size\":13,\"underline\":false,\"x\":10,\"text\":\"Name\",\"color\":1118481},{\"y\":70,\"bold\":false,\"font\":\"Arial\",\"italic\":false,\"size\":13,\"underline\":false,\"x\":10,\"text\":\"Title\",\"color\":1118481},{\"y\":150,\"bold\":false,\"font\":\"Arial\",\"italic\":false,\"size\":13,\"underline\":false,\"x\":10,\"text\":\"Website : \",\"color\":1118481},{\"y\":130,\"bold\":false,\"font\":\"Arial\",\"italic\":false,\"size\":13,\"underline\":false,\"x\":10,\"text\":\"Email : \",\"color\":1118481},{\"y\":110,\"bold\":false,\"font\":\"Arial\",\"italic\":false,\"size\":13,\"underline\":false,\"x\":10,\"text\":\"Phone : \",\"color\":1118481}]','','','',30,1,0),(151,7,1307967632,'[{\"y\":10,\"bold\":false,\"font\":\"Arial\",\"italic\":false,\"size\":13,\"underline\":false,\"x\":10,\"text\":\"iyui Name\",\"color\":1118481},{\"y\":40,\"bold\":false,\"font\":\"Arial\",\"italic\":false,\"size\":13,\"underline\":false,\"x\":10,\"text\":\"Name\",\"color\":1118481},{\"y\":70,\"bold\":false,\"font\":\"Arial\",\"italic\":false,\"size\":13,\"underline\":false,\"x\":10,\"text\":\"Title\",\"color\":1118481},{\"y\":150,\"bold\":false,\"font\":\"Arial\",\"italic\":false,\"size\":13,\"underline\":false,\"x\":10,\"text\":\"Website : \",\"color\":1118481},{\"y\":130,\"bold\":false,\"font\":\"Arial\",\"italic\":false,\"size\":13,\"underline\":false,\"x\":10,\"text\":\"Email : \",\"color\":1118481},{\"y\":110,\"bold\":false,\"font\":\"Arial\",\"italic\":false,\"size\":13,\"underline\":false,\"x\":10,\"text\":\"Phone : \",\"color\":1118481}]','','','',30,1,0),(152,7,1307968198,'[{\"y\":10,\"bold\":false,\"font\":\"Arial\",\"italic\":false,\"size\":13,\"underline\":false,\"x\":10,\"text\":\"iyui Name\",\"color\":1118481},{\"y\":40,\"bold\":false,\"font\":\"Arial\",\"italic\":false,\"size\":13,\"underline\":false,\"x\":10,\"text\":\"fdtgreter\",\"color\":1118481},{\"y\":70,\"bold\":false,\"font\":\"Arial\",\"italic\":false,\"size\":13,\"underline\":false,\"x\":10,\"text\":\"Title\",\"color\":1118481},{\"y\":150,\"bold\":false,\"font\":\"Arial\",\"italic\":false,\"size\":13,\"underline\":false,\"x\":10,\"text\":\"Website : \",\"color\":1118481},{\"y\":130,\"bold\":false,\"font\":\"Arial\",\"italic\":false,\"size\":13,\"underline\":false,\"x\":10,\"text\":\"Email : \",\"color\":1118481},{\"y\":110,\"bold\":false,\"font\":\"Arial\",\"italic\":false,\"size\":13,\"underline\":false,\"x\":10,\"text\":\"Phone : \",\"color\":1118481}]','','','',30,1,0),(153,7,1307968373,'[{\"y\":10,\"bold\":false,\"font\":\"Arial\",\"italic\":false,\"size\":13,\"underline\":false,\"x\":10,\"text\":\"iyui Name\",\"color\":1118481},{\"y\":40,\"bold\":false,\"font\":\"Arial\",\"italic\":false,\"size\":13,\"underline\":false,\"x\":10,\"text\":\"fdtgreter\",\"color\":1118481},{\"y\":70,\"bold\":false,\"font\":\"Arial\",\"italic\":false,\"size\":13,\"underline\":false,\"x\":10,\"text\":\"Title\",\"color\":1118481},{\"y\":150,\"bold\":false,\"font\":\"Arial\",\"italic\":false,\"size\":13,\"underline\":false,\"x\":10,\"text\":\"Website : \",\"color\":1118481},{\"y\":130,\"bold\":false,\"font\":\"Arial\",\"italic\":false,\"size\":13,\"underline\":false,\"x\":10,\"text\":\"Email : \",\"color\":1118481},{\"y\":110,\"bold\":false,\"font\":\"Arial\",\"italic\":false,\"size\":13,\"underline\":false,\"x\":10,\"text\":\"Phonewree : \",\"color\":1118481}]','','','',30,1,0),(154,7,1307968417,'[{\"y\":10,\"bold\":false,\"font\":\"Arial\",\"italic\":false,\"size\":13,\"underline\":false,\"x\":10,\"text\":\"iyui Name\",\"color\":1118481},{\"y\":40,\"bold\":false,\"font\":\"Arial\",\"italic\":false,\"size\":13,\"underline\":false,\"x\":10,\"text\":\"fdtgreter\",\"color\":1118481},{\"y\":70,\"bold\":false,\"font\":\"Arial\",\"italic\":false,\"size\":13,\"underline\":false,\"x\":10,\"text\":\"Title\",\"color\":1118481},{\"y\":150,\"bold\":false,\"font\":\"Arial\",\"italic\":false,\"size\":13,\"underline\":false,\"x\":10,\"text\":\"Website : \",\"color\":1118481},{\"y\":130,\"bold\":false,\"font\":\"Arial\",\"italic\":false,\"size\":13,\"underline\":false,\"x\":10,\"text\":\"Email : \",\"color\":1118481},{\"y\":110,\"bold\":false,\"font\":\"Arial\",\"italic\":false,\"size\":13,\"underline\":false,\"x\":10,\"text\":\"Phonewree : \",\"color\":1118481}]','','','',30,1,0),(155,7,1307969004,'[{\"y\":10,\"bold\":false,\"font\":\"Arial\",\"italic\":false,\"size\":13,\"underline\":false,\"x\":10,\"text\":\"Company gfgfgfgf\",\"color\":1118481},{\"y\":40,\"bold\":false,\"font\":\"Arial\",\"italic\":false,\"size\":13,\"underline\":false,\"x\":10,\"text\":\"Name\",\"color\":1118481},{\"y\":70,\"bold\":false,\"font\":\"Arial\",\"italic\":false,\"size\":13,\"underline\":false,\"x\":10,\"text\":\"Title\",\"color\":1118481},{\"y\":150,\"bold\":false,\"font\":\"Arial\",\"italic\":false,\"size\":13,\"underline\":false,\"x\":10,\"text\":\"Website : \",\"color\":1118481},{\"y\":130,\"bold\":false,\"font\":\"Arial\",\"italic\":false,\"size\":13,\"underline\":false,\"x\":10,\"text\":\"Email : \",\"color\":1118481},{\"y\":110,\"bold\":false,\"font\":\"Arial\",\"italic\":false,\"size\":13,\"underline\":false,\"x\":10,\"text\":\"Phone : \",\"color\":1118481}]','','','',30,1,0),(156,7,1307969306,'[{\"y\":10,\"bold\":false,\"font\":\"Arial\",\"italic\":false,\"size\":13,\"underline\":false,\"x\":10,\"text\":\"dasdfsdy Name\",\"color\":1118481},{\"y\":40,\"bold\":false,\"font\":\"Arial\",\"italic\":false,\"size\":13,\"underline\":false,\"x\":10,\"text\":\"asdf\",\"color\":1118481},{\"y\":70,\"bold\":false,\"font\":\"Arial\",\"italic\":false,\"size\":13,\"underline\":false,\"x\":10,\"text\":\"asdfasdf\",\"color\":1118481},{\"y\":150,\"bold\":false,\"font\":\"Arial\",\"italic\":false,\"size\":13,\"underline\":false,\"x\":10,\"text\":\"Website : \",\"color\":1118481},{\"y\":130,\"bold\":false,\"font\":\"Arial\",\"italic\":false,\"size\":13,\"underline\":false,\"x\":10,\"text\":\"Email : \",\"color\":1118481},{\"y\":110,\"bold\":false,\"font\":\"Arial\",\"italic\":false,\"size\":13,\"underline\":false,\"x\":10,\"text\":\"Phone : \",\"color\":1118481}]','[]','','',30,0,0),(157,7,1307969990,'[{\"y\":10,\"bold\":false,\"font\":\"Arial\",\"italic\":false,\"size\":13,\"underline\":false,\"x\":10,\"text\":\"Company Name\",\"color\":1118481},{\"y\":40,\"bold\":false,\"font\":\"Arial\",\"italic\":false,\"size\":13,\"underline\":false,\"x\":10,\"text\":\"dfghdfghfdghdfghdfg\",\"color\":1118481},{\"y\":70,\"bold\":false,\"font\":\"Arial\",\"italic\":false,\"size\":13,\"underline\":false,\"x\":10,\"text\":\"Title\",\"color\":1118481},{\"y\":150,\"bold\":false,\"font\":\"Arial\",\"italic\":false,\"size\":13,\"underline\":false,\"x\":10,\"text\":\"Website : \",\"color\":1118481},{\"y\":130,\"bold\":false,\"font\":\"Arial\",\"italic\":false,\"size\":13,\"underline\":false,\"x\":10,\"text\":\"Email : \",\"color\":1118481},{\"y\":110,\"bold\":false,\"font\":\"Arial\",\"italic\":false,\"size\":13,\"underline\":false,\"x\":10,\"text\":\"Phone : \",\"color\":1118481}]','[]','','',30,0,0),(158,7,1307971409,'[{\"y\":10,\"bold\":false,\"font\":\"Arial\",\"italic\":false,\"size\":13,\"underline\":false,\"x\":10,\"text\":\"asdf asdfasdf\",\"color\":1118481},{\"y\":40,\"bold\":false,\"font\":\"Arial\",\"italic\":false,\"size\":13,\"underline\":false,\"x\":10,\"text\":\"Name\",\"color\":1118481},{\"y\":70,\"bold\":false,\"font\":\"Arial\",\"italic\":false,\"size\":13,\"underline\":false,\"x\":10,\"text\":\"Title\",\"color\":1118481},{\"y\":150,\"bold\":false,\"font\":\"Arial\",\"italic\":false,\"size\":13,\"underline\":false,\"x\":10,\"text\":\"Website : \",\"color\":1118481},{\"y\":130,\"bold\":false,\"font\":\"Arial\",\"italic\":false,\"size\":13,\"underline\":false,\"x\":10,\"text\":\"Email : \",\"color\":1118481},{\"y\":110,\"bold\":false,\"font\":\"Arial\",\"italic\":false,\"size\":13,\"underline\":false,\"x\":10,\"text\":\"Phone : \",\"color\":1118481}]','[]','','',30,0,0),(159,7,1307973232,'[{\"y\":10,\"bold\":false,\"font\":\"Arial\",\"italic\":false,\"size\":13,\"underline\":false,\"x\":10,\"text\":\"oooooo Name\",\"color\":1118481},{\"y\":40,\"bold\":false,\"font\":\"Arial\",\"italic\":false,\"size\":13,\"underline\":false,\"x\":10,\"text\":\"Name\",\"color\":1118481},{\"y\":70,\"bold\":false,\"font\":\"Arial\",\"italic\":false,\"size\":13,\"underline\":false,\"x\":10,\"text\":\"Title\",\"color\":1118481},{\"y\":150,\"bold\":false,\"font\":\"Arial\",\"italic\":false,\"size\":13,\"underline\":false,\"x\":10,\"text\":\"Website : \",\"color\":1118481},{\"y\":130,\"bold\":false,\"font\":\"Arial\",\"italic\":false,\"size\":13,\"underline\":false,\"x\":10,\"text\":\"Email : \",\"color\":1118481},{\"y\":110,\"bold\":false,\"font\":\"Arial\",\"italic\":false,\"size\":13,\"underline\":false,\"x\":10,\"text\":\"Phone : \",\"color\":1118481}]','[]','','',5,1,0),(160,7,1308145846,'[{\"color\":1118481,\"y\":11,\"bold\":false,\"font\":\"Arial\",\"italic\":false,\"size\":13,\"underline\":false,\"x\":10,\"text\":\"Company Name width and height\",\"textHeight\":30,\"textWidth\":250},{\"color\":1118481,\"y\":40,\"bold\":false,\"font\":\"Arial\",\"italic\":false,\"size\":13,\"underline\":false,\"x\":10,\"text\":\"Namettt\",\"textHeight\":550,\"textWidth\":616},{\"color\":1118481,\"y\":70,\"bold\":false,\"font\":\"Arial\",\"italic\":false,\"size\":13,\"underline\":false,\"x\":10,\"text\":\"Title\",\"textHeight\":550,\"textWidth\":616},{\"color\":1118481,\"y\":150,\"bold\":false,\"font\":\"Arial\",\"italic\":false,\"size\":13,\"underline\":false,\"x\":10,\"text\":\"Website : \",\"textHeight\":550,\"textWidth\":616},{\"color\":1118481,\"y\":130,\"bold\":false,\"font\":\"Arial\",\"italic\":false,\"size\":13,\"underline\":false,\"x\":10,\"text\":\"Email : \",\"textHeight\":550,\"textWidth\":616},{\"color\":1118481,\"y\":110,\"bold\":false,\"font\":\"Arial\",\"italic\":false,\"size\":13,\"underline\":false,\"x\":10,\"text\":\"Phone : \",\"textHeight\":550,\"textWidth\":616}]','[]','','',30,1,0),(161,7,1308661281,'[{\"color\":1118481,\"y\":10,\"bold\":false,\"font\":\"Arial\",\"italic\":false,\"size\":13,\"underline\":false,\"x\":10,\"text\":\"Company Name\",\"textHeight\":25,\"textWidth\":175},{\"color\":1118481,\"y\":40,\"bold\":false,\"font\":\"Arial\",\"italic\":false,\"size\":13,\"underline\":false,\"x\":10,\"text\":\"Name\",\"textHeight\":25,\"textWidth\":125},{\"color\":1118481,\"y\":70,\"bold\":false,\"font\":\"Arial\",\"italic\":false,\"size\":13,\"underline\":false,\"x\":10,\"text\":\"Title\",\"textHeight\":25,\"textWidth\":125},{\"color\":1118481,\"y\":150,\"bold\":false,\"font\":\"Arial\",\"italic\":false,\"size\":13,\"underline\":false,\"x\":10,\"text\":\"Website : \",\"textHeight\":25,\"textWidth\":125},{\"color\":1118481,\"y\":130,\"bold\":false,\"font\":\"Arial\",\"italic\":false,\"size\":13,\"underline\":false,\"x\":10,\"text\":\"Email : \",\"textHeight\":25,\"textWidth\":125},{\"color\":1118481,\"y\":110,\"bold\":false,\"font\":\"Arial\",\"italic\":false,\"size\":13,\"underline\":false,\"x\":10,\"text\":\"Phone : \",\"textHeight\":25,\"textWidth\":125}]','[]','','',30,1,0),(162,7,1308662861,'[{\"color\":1118481,\"y\":10,\"bold\":false,\"font\":\"Arial\",\"italic\":false,\"size\":13,\"underline\":false,\"x\":10,\"text\":\"Company Name width and height two\",\"textHeight\":35,\"textWidth\":260},{\"color\":1118481,\"y\":40,\"bold\":false,\"font\":\"Arial\",\"italic\":false,\"size\":13,\"underline\":false,\"x\":10,\"text\":\"Name\",\"textHeight\":25,\"textWidth\":125},{\"color\":1118481,\"y\":70,\"bold\":false,\"font\":\"Arial\",\"italic\":false,\"size\":13,\"underline\":false,\"x\":10,\"text\":\"Title\",\"textHeight\":25,\"textWidth\":125},{\"color\":1118481,\"y\":150,\"bold\":false,\"font\":\"Arial\",\"italic\":false,\"size\":13,\"underline\":false,\"x\":10,\"text\":\"Website : \",\"textHeight\":25,\"textWidth\":125},{\"color\":1118481,\"y\":130,\"bold\":false,\"font\":\"Arial\",\"italic\":false,\"size\":13,\"underline\":false,\"x\":10,\"text\":\"Email : \",\"textHeight\":25,\"textWidth\":125},{\"color\":1118481,\"y\":110,\"bold\":false,\"font\":\"Arial\",\"italic\":false,\"size\":13,\"underline\":false,\"x\":10,\"text\":\"Phone : \",\"textHeight\":25,\"textWidth\":125}]','[]','','',30,1,0),(163,7,1308830513,'[{\"color\":1118481,\"y\":10,\"bold\":false,\"font\":\"Arial\",\"italic\":false,\"size\":13,\"underline\":false,\"x\":10,\"text\":\"Company Name\",\"textHeight\":50,\"textWidth\":125},{\"color\":1118481,\"y\":40,\"bold\":false,\"font\":\"Arial\",\"italic\":false,\"size\":13,\"underline\":false,\"x\":10,\"text\":\"Name\",\"textHeight\":25,\"textWidth\":125},{\"color\":1118481,\"y\":70,\"bold\":false,\"font\":\"Arial\",\"italic\":false,\"size\":13,\"underline\":false,\"x\":10,\"text\":\"Title\",\"textHeight\":25,\"textWidth\":125},{\"color\":1118481,\"y\":150,\"bold\":false,\"font\":\"Arial\",\"italic\":false,\"size\":13,\"underline\":false,\"x\":10,\"text\":\"Website : \",\"textHeight\":25,\"textWidth\":125},{\"color\":1118481,\"y\":130,\"bold\":false,\"font\":\"Arial\",\"italic\":false,\"size\":13,\"underline\":false,\"x\":10,\"text\":\"Email : \",\"textHeight\":25,\"textWidth\":125},{\"color\":1118481,\"y\":110,\"bold\":false,\"font\":\"Arial\",\"italic\":false,\"size\":13,\"underline\":false,\"x\":10,\"text\":\"Phone : \",\"textHeight\":25,\"textWidth\":125}]','[]','','',30,1,0),(164,7,1309332245,'[{\"color\":1118481,\"y\":10,\"bold\":false,\"font\":\"Arial\",\"italic\":false,\"size\":13,\"underline\":false,\"x\":10,\"text\":\"ss ss\",\"textHeight\":25,\"textWidth\":125},{\"color\":1118481,\"y\":40,\"bold\":false,\"font\":\"Arial\",\"italic\":false,\"size\":13,\"underline\":false,\"x\":10,\"text\":\"sssssss\",\"textHeight\":25,\"textWidth\":125},{\"color\":1118481,\"y\":70,\"bold\":false,\"font\":\"Arial\",\"italic\":false,\"size\":13,\"underline\":false,\"x\":10,\"text\":\"Title\",\"textHeight\":25,\"textWidth\":125},{\"color\":1118481,\"y\":150,\"bold\":false,\"font\":\"Arial\",\"italic\":false,\"size\":13,\"underline\":false,\"x\":10,\"text\":\"Website : \",\"textHeight\":25,\"textWidth\":250},{\"color\":1118481,\"y\":130,\"bold\":false,\"font\":\"Arial\",\"italic\":false,\"size\":13,\"underline\":false,\"x\":10,\"text\":\"Email : \",\"textHeight\":25,\"textWidth\":200},{\"color\":1118481,\"y\":110,\"bold\":false,\"font\":\"Arial\",\"italic\":false,\"size\":13,\"underline\":false,\"x\":10,\"text\":\"Phone : \",\"textHeight\":25,\"textWidth\":125}]','[]','','',30,1,0),(165,7,1309332774,'[{\"color\":16711680,\"y\":10,\"bold\":true,\"font\":\"Cambria\",\"italic\":true,\"size\":13,\"underline\":true,\"x\":10,\"text\":\"Company Name0\",\"textHeight\":25,\"textWidth\":125},{\"color\":255,\"y\":40,\"bold\":true,\"font\":\"Arial\",\"italic\":true,\"size\":13,\"underline\":true,\"x\":10,\"text\":\"Name2\",\"textHeight\":25,\"textWidth\":125},{\"color\":65280,\"y\":70,\"bold\":true,\"font\":\"Arial\",\"italic\":true,\"size\":13,\"underline\":true,\"x\":10,\"text\":\"Title1\",\"textHeight\":25,\"textWidth\":125},{\"color\":10066329,\"y\":150,\"bold\":true,\"font\":\"Arial\",\"italic\":true,\"size\":13,\"underline\":true,\"x\":10,\"text\":\"Website : 5\",\"textHeight\":25,\"textWidth\":250},{\"color\":16711935,\"y\":130,\"bold\":true,\"font\":\"Arial\",\"italic\":true,\"size\":13,\"underline\":true,\"x\":10,\"text\":\"Email : 4\",\"textHeight\":25,\"textWidth\":200},{\"color\":16737792,\"y\":110,\"bold\":true,\"font\":\"Arial\",\"italic\":true,\"size\":13,\"underline\":true,\"x\":10,\"text\":\"Phone : 3\",\"textHeight\":25,\"textWidth\":125}]','[]','','',30,1,0),(166,7,1309333839,'[{\"color\":1118481,\"y\":10,\"bold\":false,\"font\":\"Arial\",\"italic\":false,\"size\":13,\"underline\":false,\"x\":10,\"text\":\"Company Name\",\"textHeight\":25,\"textWidth\":125},{\"color\":1118481,\"y\":40,\"bold\":false,\"font\":\"Arial\",\"italic\":false,\"size\":13,\"underline\":false,\"x\":10,\"text\":\"sdfsdfsdfsdfsdf\",\"textHeight\":25,\"textWidth\":125},{\"color\":1118481,\"y\":70,\"bold\":false,\"font\":\"Arial\",\"italic\":false,\"size\":13,\"underline\":false,\"x\":10,\"text\":\"Title\",\"textHeight\":25,\"textWidth\":125},{\"color\":1118481,\"y\":150,\"bold\":false,\"font\":\"Arial\",\"italic\":false,\"size\":13,\"underline\":false,\"x\":10,\"text\":\"Website : \",\"textHeight\":25,\"textWidth\":250},{\"color\":1118481,\"y\":130,\"bold\":false,\"font\":\"Arial\",\"italic\":false,\"size\":13,\"underline\":false,\"x\":10,\"text\":\"Email : \",\"textHeight\":25,\"textWidth\":200},{\"color\":1118481,\"y\":110,\"bold\":false,\"font\":\"Arial\",\"italic\":false,\"size\":13,\"underline\":false,\"x\":10,\"text\":\"Phone : \",\"textHeight\":25,\"textWidth\":125}]','[]','','',5,1,0),(167,7,1309335085,'[{\"color\":1118481,\"y\":10,\"bold\":false,\"font\":\"Arial\",\"italic\":false,\"size\":13,\"underline\":false,\"x\":10,\"text\":\"Company Name\",\"textHeight\":25,\"textWidth\":125},{\"color\":1118481,\"y\":40,\"bold\":false,\"font\":\"Arial\",\"italic\":false,\"size\":13,\"underline\":false,\"x\":10,\"text\":\"pdf\",\"textHeight\":25,\"textWidth\":125},{\"color\":1118481,\"y\":70,\"bold\":false,\"font\":\"Arial\",\"italic\":false,\"size\":13,\"underline\":false,\"x\":10,\"text\":\"Title\",\"textHeight\":25,\"textWidth\":125},{\"color\":1118481,\"y\":150,\"bold\":false,\"font\":\"Arial\",\"italic\":false,\"size\":13,\"underline\":false,\"x\":10,\"text\":\"Website : \",\"textHeight\":25,\"textWidth\":250},{\"color\":1118481,\"y\":130,\"bold\":false,\"font\":\"Arial\",\"italic\":false,\"size\":13,\"underline\":false,\"x\":10,\"text\":\"Email : \",\"textHeight\":25,\"textWidth\":200},{\"color\":1118481,\"y\":110,\"bold\":false,\"font\":\"Arial\",\"italic\":false,\"size\":13,\"underline\":false,\"x\":10,\"text\":\"Phone : \",\"textHeight\":25,\"textWidth\":125}]','[]','','',30,0,0),(168,7,1309335238,'[{\"color\":1118481,\"y\":10,\"bold\":false,\"font\":\"Arial\",\"italic\":false,\"size\":13,\"underline\":false,\"x\":10,\"text\":\"Company Name\",\"textHeight\":25,\"textWidth\":125},{\"color\":1118481,\"y\":40,\"bold\":false,\"font\":\"Arial\",\"italic\":false,\"size\":13,\"underline\":false,\"x\":10,\"text\":\"pdf 22\",\"textHeight\":25,\"textWidth\":125},{\"color\":1118481,\"y\":70,\"bold\":false,\"font\":\"Arial\",\"italic\":false,\"size\":13,\"underline\":false,\"x\":10,\"text\":\"Title\",\"textHeight\":25,\"textWidth\":125},{\"color\":1118481,\"y\":150,\"bold\":false,\"font\":\"Arial\",\"italic\":false,\"size\":13,\"underline\":false,\"x\":10,\"text\":\"Website : \",\"textHeight\":25,\"textWidth\":250},{\"color\":1118481,\"y\":130,\"bold\":false,\"font\":\"Arial\",\"italic\":false,\"size\":13,\"underline\":false,\"x\":10,\"text\":\"Email : \",\"textHeight\":25,\"textWidth\":200},{\"color\":1118481,\"y\":110,\"bold\":false,\"font\":\"Arial\",\"italic\":false,\"size\":13,\"underline\":false,\"x\":10,\"text\":\"Phone : \",\"textHeight\":25,\"textWidth\":125}]','[]','','',30,0,0),(169,7,1309335411,'[{\"color\":1118481,\"y\":10,\"bold\":false,\"font\":\"Arial\",\"italic\":false,\"size\":13,\"underline\":false,\"x\":10,\"text\":\"Company Name\",\"textHeight\":25,\"textWidth\":125},{\"color\":1118481,\"y\":40,\"bold\":false,\"font\":\"Arial\",\"italic\":false,\"size\":13,\"underline\":false,\"x\":10,\"text\":\"sdfsdfsdf\",\"textHeight\":25,\"textWidth\":125},{\"color\":1118481,\"y\":70,\"bold\":false,\"font\":\"Arial\",\"italic\":false,\"size\":13,\"underline\":false,\"x\":10,\"text\":\"Title\",\"textHeight\":25,\"textWidth\":125},{\"color\":1118481,\"y\":150,\"bold\":false,\"font\":\"Arial\",\"italic\":false,\"size\":13,\"underline\":false,\"x\":10,\"text\":\"Website : \",\"textHeight\":25,\"textWidth\":250},{\"color\":1118481,\"y\":130,\"bold\":false,\"font\":\"Arial\",\"italic\":false,\"size\":13,\"underline\":false,\"x\":10,\"text\":\"Email : \",\"textHeight\":25,\"textWidth\":200},{\"color\":1118481,\"y\":110,\"bold\":false,\"font\":\"Arial\",\"italic\":false,\"size\":13,\"underline\":false,\"x\":10,\"text\":\"Phone : \",\"textHeight\":25,\"textWidth\":125}]','[]','','',30,1,0),(170,7,1310646645,'[{\"color\":1118481,\"y\":10,\"bold\":false,\"font\":\"Arial\",\"italic\":false,\"size\":13,\"underline\":false,\"x\":10,\"text\":\"Company Name\",\"textHeight\":25,\"textWidth\":125},{\"color\":1118481,\"y\":40,\"bold\":false,\"font\":\"Arial\",\"italic\":false,\"size\":13,\"underline\":false,\"x\":10,\"text\":\"Name\",\"textHeight\":25,\"textWidth\":125},{\"color\":1118481,\"y\":70,\"bold\":false,\"font\":\"Arial\",\"italic\":false,\"size\":13,\"underline\":false,\"x\":10,\"text\":\"Title\",\"textHeight\":25,\"textWidth\":125},{\"color\":1118481,\"y\":150,\"bold\":false,\"font\":\"Arial\",\"italic\":false,\"size\":13,\"underline\":false,\"x\":10,\"text\":\"Website : \",\"textHeight\":25,\"textWidth\":250},{\"color\":1118481,\"y\":130,\"bold\":false,\"font\":\"Arial\",\"italic\":false,\"size\":13,\"underline\":false,\"x\":10,\"text\":\"Email : sdfgsdfgsdfgsdf\",\"textHeight\":25,\"textWidth\":200},{\"color\":1118481,\"y\":110,\"bold\":false,\"font\":\"Arial\",\"italic\":false,\"size\":13,\"underline\":false,\"x\":10,\"text\":\"Phone : 5 30 pm\",\"textHeight\":25,\"textWidth\":125}]','[]','','',30,1,0),(171,7,1310647786,'[{\"color\":1118481,\"y\":10,\"bold\":false,\"font\":\"Arial\",\"italic\":false,\"size\":13,\"underline\":false,\"x\":10,\"text\":\"Company Name\",\"textHeight\":25,\"textWidth\":125},{\"color\":1118481,\"y\":40,\"bold\":false,\"font\":\"Arial\",\"italic\":false,\"size\":13,\"underline\":false,\"x\":10,\"text\":\"Name\",\"textHeight\":25,\"textWidth\":125},{\"color\":1118481,\"y\":70,\"bold\":false,\"font\":\"Arial\",\"italic\":false,\"size\":13,\"underline\":false,\"x\":10,\"text\":\"Title\",\"textHeight\":25,\"textWidth\":125},{\"color\":1118481,\"y\":150,\"bold\":false,\"font\":\"Arial\",\"italic\":false,\"size\":13,\"underline\":false,\"x\":10,\"text\":\"Website : \",\"textHeight\":25,\"textWidth\":250},{\"color\":1118481,\"y\":130,\"bold\":false,\"font\":\"Arial\",\"italic\":false,\"size\":13,\"underline\":false,\"x\":10,\"text\":\"Email : fdghdfghdfgdfghdfg\",\"textHeight\":25,\"textWidth\":200},{\"color\":1118481,\"y\":110,\"bold\":false,\"font\":\"Arial\",\"italic\":false,\"size\":13,\"underline\":false,\"x\":10,\"text\":\"Phone : 05 46 pm\",\"textHeight\":25,\"textWidth\":125}]','[]','','',30,1,0);

